inder when 172859 is divided by 28332?
2867
Calculate the remainder when 7766246 is divided by 1250.
1246
Calculate the remainder when 4788307 is divided by 679.
678
Calculate the remainder when 129535152 is divided by 54.
6
What is the remainder when 144543 is divided by 1509?
1188
What is the remainder when 520565887 is divided by 285?
277
Calculate the remainder when 91797748 is divided by 588447.
16
Calculate the remainder when 23532377 is divided by 523.
515
What is the remainder when 138694 is divided by 46217?
43
Calculate the remainder when 972455 is divided by 41.
17
Calculate the remainder when 26961714 is divided by 43.
26
Calculate the remainder when 832602 is divided by 7050.
702
What is the remainder when 18853559 is divided by 3142259?
5
What is the remainder when 66902 is divided by 6529?
1612
What is the remainder when 208223 is divided by 207467?
756
What is the remainder when 93327156 is divided by 53698?
32
What is the remainder when 185617141 is divided by 61872380?
1
What is the remainder when 1646084 is divided by 85?
59
What is the remainder when 2363774 is divided by 4477?
4395
Calculate the remainder when 1207678 is divided by 6823.
7
Calculate the remainder when 20184492 is divided by 3424.
12
Calculate the remainder when 11608494 is divided by 48571.
25
Calculate the remainder when 9386 is divided by 313.
309
Calculate the remainder when 1606139 is divided by 30.
29
What is the remainder when 421920295 is divided by 680?
15
What is the remainder when 448026 is divided by 111900?
426
What is the remainder when 81710792 is divided by 113?
40
Calculate the remainder when 6365836 is divided by 88414.
28
Calculate the remainder when 5607710 is divided by 21.
17
Calculate the remainder when 13389517 is divided by 2480.
2477
What is the remainder when 10593778 is divided by 762?
454
Calculate the remainder when 620021 is divided by 1026.
317
What is the remainder when 61633490 is divided by 340?
330
Calculate the remainder when 80736251 is divided by 13.
11
Calculate the remainder when 194646037 is divided by 6569.
6567
Calculate the remainder when 1714381 is divided by 3013.
2997
Calculate the remainder when 76650 is divided by 595.
490
Calculate the remainder when 202612309 is divided by 5865.
19
Calculate the remainder when 1555335 is divided by 73.
70
Calculate the remainder when 5739050 is divided by 20.
10
What is the remainder when 18579358 is divided by 3096523?
220
Calculate the remainder when 79165 is divided by 3764.
121
What is the remainder when 1396299 is divided by 1506?
237
What is the remainder when 22306746 is divided by 112?
42
What is the remainder when 11065964 is divided by 851227?
13
Calculate the remainder when 2760691 is divided by 47598.
7
Calculate the remainder when 8143801 is divided by 2714597.
10
Calculate the remainder when 11170317 is divided by 4151.
4127
Calculate the remainder when 10091 is divided by 484.
411
What is the remainder when 2014110 is divided by 880?
670
What is the remainder when 88867 is divided by 42635?
3597
Calculate the remainder when 24156 is divided by 2647.
333
What is the remainder when 9785892 is divided by 12340?
272
Calculate the remainder when 163505 is divided by 149.
52
Calculate the remainder when 64949246 is divided by 1320.
1286
What is the remainder when 3042886 is divided by 2813?
2033
What is the remainder when 26750137 is divided by 247?
37
What is the remainder when 976974 is divided by 1342?
1340
What is the remainder when 423824 is divided by 2971?
1942
Calculate the remainder when 5109994 is divided by 956.
174
Calculate the remainder when 459519 is divided by 104.
47
Calculate the remainder when 899464 is divided by 34.
28
What is the remainder when 31091440 is divided by 898?
884
Calculate the remainder when 10322 is divided by 531.
233
Calculate the remainder when 15424716 is divided by 11.
10
What is the remainder when 330916 is divided by 7?
5
What is the remainder when 205822 is divided by 1183?
1163
Calculate the remainder when 114062 is divided by 5547.
3122
What is the remainder when 1627300 is divided by 16776?
28
Calculate the remainder when 4271100 is divided by 58.
38
What is the remainder when 45329 is divided by 6412?
445
What is the remainder when 624356 is divided by 310151?
4054
Calculate the remainder when 306883 is divided by 9893.
200
Calculate the remainder when 1476855 is divided by 55.
50
Calculate the remainder when 2002381 is divided by 500593.
9
Calculate the remainder when 55805300 is divided by 10.
0
What is the remainder when 663101 is divided by 66278?
321
Calculate the remainder when 48656 is divided by 16.
0
What is the remainder when 182433 is divided by 60718?
279
Calculate the remainder when 22958568 is divided by 8573.
74
What is the remainder when 16216120 is divided by 3243223?
5
Calculate the remainder when 44323489 is divided by 14774491.
16
What is the remainder when 8427398 is divided by 2809131?
5
Calculate the remainder when 27202193 is divided by 108.
17
What is the remainder when 155286 is divided by 2496?
534
What is the remainder when 348835 is divided by 326?
15
What is the remainder when 1948494 is divided by 10475?
144
Calculate the remainder when 446617 is divided by 1845.
127
Calculate the remainder when 258900446 is divided by 8351627.
9
Calculate the remainder when 358945 is divided by 273.
223
What is the remainder when 86448377 is divided by 1679?
25
Calculate the remainder when 779947 is divided by 389962.
23
Calculate the remainder when 79504 is divided by 15842.
294
What is the remainder when 319678 is divided by 2755?
98
Calculate the remainder when 793096 is divided by 1782.
106
Calculate the remainder when 4095364 is divided by 156.
52
Calculate the remainder when 559029237 is divided by 4851.
4848
What is the remainder when 12783879 is divided by 17?
15
Calculate the remainder when 1376602 is divided by 458573.
883
Calculate the remainder when 2631628 is divided by 213.
13
What is the remainder when 91598 is divided by 198?
122
What is the remainder when 2152979 is divided by 3668?
3531
What is the remainder when 573643 is divided by 521?
22
Calculate the remainder when 8527652 is divided by 456.
452
Calculate the remainder when 2712621 is divided by 4784.
93
What is the remainder when 303478535 is divided by 61?
58
What is the remainder when 6516407 is divided by 1481?
7
What is the remainder when 113978 is divided by 103323?
10655
Calculate the remainder when 6145783 is divided by 6573.
28
What is the remainder when 259712 is divided by 86101?
1409
What is the remainder when 362804 is divided by 2353?
442
What is the remainder when 1385503 is divided by 69169?
2123
Calculate the remainder when 421286 is divided by 70043.
1028
What is the remainder when 995985 is divided by 19529?
6
What is the remainder when 39063 is divided by 1801?
1242
What is the remainder when 2453622 is divided by 7326?
6738
Calculate the remainder when 11089455 is divided by 20017.
37
What is the remainder when 18004 is divided by 534?
382
What is the remainder when 632517 is divided by 63?
60
Calculate the remainder when 2850601 is divided by 224.
201
What is the remainder when 109010523 is divided by 644?
643
What is the remainder when 754716 is divided by 251563?
27
What is the remainder when 4262491 is divided by 1257?
4
Calculate the remainder when 42039237 is divided by 60.
57
What is the remainder when 62573194 is divided by 84?
82
Calculate the remainder when 5554781 is divided by 16.
13
Calculate the remainder when 1102610 is divided by 100236.
14
Calculate the remainder when 1698145 is divided by 490.
295
What is the remainder when 61483 is divided by 3764?
1259
What is the remainder when 1884071 is divided by 4340?
511
What is the remainder when 1867 is divided by 1862?
5
What is the remainder when 5953342 is divided by 2454?
2392
What is the remainder when 227567 is divided by 1039?
26
What is the remainder when 12115781 is divided by 772?
13
What is the remainder when 1186460 is divided by 296598?
68
Calculate the remainder when 146964 is divided by 94.
42
Calculate the remainder when 887673 is divided by 2139.
2127
What is the remainder when 18207608 is divided by 6027?
41
What is the remai